prime factors of (-6)/(-21) - (-2726)/14.
3, 5, 13
Let a(v) = -v**2 + 8*v + 5. Let n = 9 - -19. Suppose 5*b - b - n = 0. List the prime factors of a(b).
2, 3
Let g(s) = -3*s + 7. Let y be g(6). Suppose -3*a - 63 = 2*o - 25, 0 = 4*a - o + 69. Let m = y - a. What are the prime factors of m?
5
Let z(m) = -m**2 - 10*m. Let l be z(-5). Let a = l + -11. What are the prime factors of a?
2, 7
Suppose 26 = 4*a + 2. What are the prime factors of a?
2, 3
Let z be 4/(-6) + (-64)/(-6). List the prime factors of 264/15 + (-6)/z.
17
Let d be (15 + -1)/(12/(-6)). Let u = 4 - d. Suppose -u = -5*c + 4*c. What are the prime factors of c?
11
Suppose 0 = 3*f - 2*v, 3*f - 3*v + 13 = 5*f. Suppose 6*t - t = 2*b - 24, f*t + 4 = -2*b. Suppose -3*z + 15 = b*z. What are the prime factors of z?
3
Let m(d) = -d**3 - d**2 + 2*d - 2. Let c be m(-3). Let g = -8 + c. List the prime factors of g.
2
Suppose c - 34 = -5*l, 2*l - 16 = 6*l. Suppose c = -5*s + 4*n + 8, 3*s - 3*n = -30. List the prime factors of s/(-1) - 2/2.
5
Let i = -11 - -16. Suppose 4*d - 4*v - 72 = 0, -3*v + 0*v - 80 = -i*d. List the prime factors of d.
13
Let j(v) = 2*v**2 + v. Let n be j(1). Suppose -2*u = 2*m + 12 + 26, -2*m + n*u = 18. List the prime factors of m/(-2) + 2/4.
2
Let g = -26 + 193. What are the prime factors of g?
167
Let s(o) = 2*o + 18. What are the prime factors of s(14)?
2, 23
Let k(p) = p**2 - 6*p - 11. What are the prime factors of k(9)?
2
Let h be 26/10 - 2/(-5). Suppose -18 = -3*q + h. Let o = q + -4. What are the prime factors of o?
3
Suppose 0 = l + 3 - 7. Suppose 0 = r - 5*s - 91, -l*r + 174 = s - 190. Suppose -2*w = k - 34, -5*w - k + r = 3*k. What are the prime factors of w?
3, 5
Suppose -4*z = -171 + 7. What are the prime factors of z?
41
List the prime factors of 41 + 1*(2 - -2).
3, 5
What are the prime factors of (144/30)/(2*(-1)/(-20))?
2, 3
List the prime factors of 330/25 + 1/(-5).
13
Let m be 2/10 + (-9)/(-5). Let q = m - 0. List the prime factors of q.
2
Suppose -g = 4*g + 3*b - 41, 2*g - 16 = -b. Let z = g + -8. List the prime factors of z/(-2)*8 - 0.
2
Let l(y) = 2*y + 5. Let w be 114/22 + 4/(-22). Let b = w - -2. List the prime factors of l(b).
19
Let i be ((-157)/(-3))/((-3)/(-36)). Let q be (-1)/(-5) + i/10. Suppose x + 0*n + 1 = -4*n, -3*n + q = 5*x. List the prime factors of x.
3, 5
Suppose 1 = g - 0. Suppose -2*a - 1 = g, 2*a + 6 = 2*z. Let t(n) = 4*n + 1. What are the prime factors of t(z)?
3
Let g(l) = 1 - l - 2 + 0. Let v = 13 - 22. What are the prime factors of g(v)?
2
Suppose -7*o - 108 = -10*o. List the prime factors of o.
2, 3
Suppose 45 = 2*z - 7*z. Let k(t) = t**3 + 9*t**2 + 5. List the prime factors of k(z).
5
Let p = 9 - 6. Let n(r) = 22 + 0*r - p*r - 19. List the prime factors of n(-5).
2, 3
Suppose 2*w - 3*x - 3 = 3*w, -7 = -3*w - x. Suppose -5*k - 2*q = -17, k + w*q + 3 = 9. Suppose k*o - 12 = 2*o. What are the prime factors of o?
2, 3
Let p(z) = 2*z + 8. Let f be p(9). List the prime factors of 3 + f + 0/4.
29
Let i(v) = v**2 - 6*v + 1. Let n be i(3). Let j(f) = -5*f + 8. Let q be j(n). Suppose -4*k + q + 0 = 0. List the prime factors of k.
2, 3
Let k = -16 - -26. List the prime factors of k.
2, 5
Let n = -47 - -74. Suppose 4*i + 4*k = n + 1, -2*k - 4 = -i. List the prime factors of i.
2, 3
Let a = 3 + -1. Suppose -a*z = 17 - 43. List the prime factors of z.
13
Suppose 0 = -5*a - 182 + 472. Suppose 0*y + 2*y - a = 0. List the prime factors of y.
29
Let j = -28 + 69. List the prime factors of j.
41
Let v be 4 - (6/(-3))/2. Suppose 0 = 4*k + 8, 2*o - 65 = -3*o - v*k. Suppose n + 0*n - o = 0. What are the prime factors of n?
3, 5
Suppose 3*c - 8 = -c. Suppose a = -4*v - 124, -5*a - 525 = -2*v + 3*v. What are the prime factors of a/(-12) - c/(-6)?
3
Suppose -4*j + 6*j = 10. Let t = j - -8. Let h = t - 6. What are the prime factors of h?
7
Let s be (-4)/(-6) - (-4)/3. Suppose -s*b - 4*r = -2*r - 64, -88 = -3*b + r. Suppose g + b = 5*g - 5*w, -g + 4*w + 13 = 0. What are the prime factors of g?
5
Let x(n) = n - 1. Suppose -4*m = -i - 69, 3*i = -2*m - i + 48. Let q be 4/m + (-104)/(-18). What are the prime factors of x(q)?
5
Let t = -95 + 100. Let l be (14/(-4))/(1/(-14)). Suppose -t*n + 139 = l. What are the prime factors of n?
2, 3
What are the prime factors of ((-411)/9)/((1 + 4)/(-15))?
137
Let f(k) = -2*k**3 - 2*k**2 - 5*k - 2. Let y be f(-3). List the prime factors of (y/3)/((-5)/(-15)).
7
Suppose 7*o - 534 = 4*o + u, 5*u + 900 = 5*o. List the prime factors of o.
3, 59
Suppose -5*u = 10, 5*d = -0*u + 2*u + 174. Suppose d - 104 = -5*y. List the prime factors of y.
2, 7
Suppose 2*a = -a + 12. Suppose a*x - 86 = x + u, x = 3*u + 42. What are the prime factors of x?
3
Let i(c) = c**3 + 5*c**2 + 3. Let q be i(-3). Let k = q - 12. List the prime factors of k.
3
List the prime factors of (-3)/(5/(80/(-3))).
2
Suppose 2*y + 3*j + 5 = 0, -2*y + 3 = -3*j - 10. Suppose 0 = y*d - 11 - 15. What are the prime factors of d?
13
Let k(j) = j**3 - 12*j**2 + 13*j - 4. Suppose -4*t = -5*n + 39, 5*n - n + t - 48 = 0. List the prime factors of k(n).
2, 3
Suppose -h - 2*m = -14 + 4, -2*m = 2*h - 12. Suppose -61 = -4*b + 5*f, 0 = 4*b - 0*f - h*f - 46. List the prime factors of b.
3
Suppose 2*f - 3*k - 46 = -21, -3*f + 5 = 2*k. Let y be (-22)/(-5) + (-2)/f. Suppose -y*g + 0 + 28 = 0. What are the prime factors of g?
7
Let k = -15 - -10. Let f = 8 + k. Suppose -2*w + f*w = 13. What are the prime factors of w?
13
Let i = -11 - -15. Let y = -7 - i. Let o = y + 16. List the prime factors of o.
5
What are the prime factors of 3/((750/752 - 1)*-6)?
2, 47
Suppose -2*i - 6 = -5*i. Let f(s) = 4*s + 1. What are the prime factors of f(i)?
3
Suppose r = 3*d + 9, 19 = 3*r - 3*d - 2*d. Suppose 2*o - 7 - 3 = 0. Suppose o*c = -2*y + r*y - 17, 3*y - 4*c = 29. List the prime factors of y.
7
Let a = -70 - -80. List the prime factors of a.
2, 5
Let i(r) = -25*r - 7. List the prime factors of i(-8).
193
Suppose 4*f - 3*f - 65 = 0. What are the prime factors of f?
5, 13
Let j be 2/2 + (-8)/(-4). Suppose 53 + j = 4*z. List the prime factors of z.
2, 7
Suppose 11 - 46 = -5*u. Let i(w) = -5 + w - 1 + w. What are the prime factors of i(u)?
2
Let z = 11 + -7. Suppose -5*f = 5*k + 20, 2*f - 4*f - 10 = z*k. Let v = k - -11. What are the prime factors of v?
2, 5
Suppose 3 - 9 = 3*k. Let f = 11 + k. List the prime factors of f.
3
Suppose -5*o + 12 = -2*o. Let l be (o/10)/(1/5). Suppose 1 = -s + 3*b + 3, 0 = -l*b. List the prime factors of s.
2
Let g = 49 - -21. List the prime factors of g.
2, 5, 7
Let u(l) = -24*l - 24. Let q(s) = 3*s + 3. Let b(t) = 33*q(t) + 4*u(t). What are the prime factors of b(3)?
2, 3
Let y(s) = -s**3 + 9*s**2 - 7*s + 12. Let f be y(8). Let j = f + -11. What are the prime factors of j?
3
Let p = -477 + 697. What are the prime factors of p?
2, 5, 11
Let t = 15 - 13. Let b(i) = 2*i**2 + 3*i - 4. Let d(a) = -a**2 + a + 1. Let s(y) = b(y) + d(y). What are the prime factors of s(t)?
3
Let s(r) = 46*r - 7. Let x be s(5). Suppose -5*y = -0*y - 4*j - x, -2*j - 41 = -y. Suppose 0 = 5*w - 18 - y. List the prime factors of w.
13
Let h = -59 + 182. List the prime factors of h.
3, 41
Suppose -3*f + 173 = -127. What are the prime factors of f?
2, 5
Suppose -2*t + 175 = 2*t + 3*o, -t - 3*o + 55 = 0. What are the prime factors of 38/8 - (-10)/t?
5
Let t = -105 + 216. List the prime factors of t.
3, 37
Let f = -183 + 282. What are the prime factors of f?
3, 11
Let w(n) = 21*n - 2. What are the prime factors of w(2)?
2, 5
Suppose 5*c = -3*v - 0*c + 426, -4*v - c = -551. List the prime factors of v.
137
Let m = -10 + 9. What are the prime factors of 6 + (1 + -4 - m)?
2
Let j = 27 - -52. List the prime factors of j.
79
Suppose -3*f - 620 = -5*f + 2*v, 4*f - 3*v = 1239. List the prime factors of f.
3, 103
Let n = -10 + 19. Let f(a) = -a + 7. Let x be f(9). What are the prime factors of 203/63 + x/n?
3
What are the prime factors of 3*1 - -7*(25 + -3)?
157
Let r be (-3)/6*6 + 50. Suppose 0 = -3*h + 10 + r. List the prime factors of h.
19
Let b(a) be the second derivative of a**3/6 + 7*a**2/2 - a. Suppose -4*k = -4*g, -g - 12 = k + k. What are the prime factors of b(k)?
3
Let o = -7 - -34. List the prime factors of o.
3
Suppose -8*z + 4*z = -244. What are the prime factors of z?
61
Let w be -2 + (0 - 1